{"id":253,"date":"2024-02-28T21:02:18","date_gmt":"2024-02-29T00:02:18","guid":{"rendered":"https:\/\/www.globalprev.com.br\/institucional\/?page_id=253"},"modified":"2024-07-08T16:22:30","modified_gmt":"2024-07-08T19:22:30","slug":"auxilio-reclusao","status":"publish","type":"page","link":"https:\/\/www.globalprev.com.br\/institucional\/auxilio-reclusao\/","title":{"rendered":"Aux\u00edlio Reclus\u00e3o"},"content":{"rendered":"\t\t<div data-elementor-type=\"wp-page\" data-elementor-id=\"253\" class=\"elementor elementor-253\" data-elementor-post-type=\"page\">\n\t\t\t\t<div class=\"elementor-element elementor-element-3f5370d e-flex e-con-boxed e-con e-parent\" data-id=\"3f5370d\" data-element_type=\"container\" data-settings=\"{&quot;background_background&quot;:&quot;classic&quot;}\">\n\t\t\t\t\t<div class=\"e-con-inner\">\n\t\t<div class=\"elementor-element elementor-element-6e8b0a4 e-con-full e-flex e-con e-child\" data-id=\"6e8b0a4\" data-element_type=\"container\">\n\t\t\t\t<div class=\"elementor-element elementor-element-917f218 elementor-widget-tablet__width-initial elementor-widget-mobile__width-initial elementor-widget elementor-widget-heading\" data-id=\"917f218\" data-element_type=\"widget\" data-widget_type=\"heading.default\">\n\t\t\t\t<div class=\"elementor-widget-container\">\n\t\t\t\t\t<h2 class=\"elementor-heading-title elementor-size-default\">AUX\u00cdLIO RECLUS\u00c3O<\/h2>\t\t\t\t<\/div>\n\t\t\t\t<\/div>\n\t\t\t\t<div class=\"elementor-element elementor-element-d35ec05 elementor-widget-tablet__width-initial elementor-widget-mobile__width-initial elementor-widget elementor-widget-text-editor\" data-id=\"d35ec05\" data-element_type=\"widget\" data-widget_type=\"text-editor.default\">\n\t\t\t\t<div class=\"elementor-widget-container\">\n\t\t\t\t\t\t\t\t\t<p><strong>Solu\u00e7\u00f5es inteligentes<\/strong> para todas as suas necessidades previdenci\u00e1rias<\/p>\t\t\t\t\t\t\t\t<\/div>\n\t\t\t\t<\/div>\n\t\t\t\t<div class=\"elementor-element elementor-element-6c0c005 elementor-tablet-align-center elementor-mobile-align-justify elementor-widget-mobile__width-initial elementor-widget elementor-widget-button\" data-id=\"6c0c005\" data-element_type=\"widget\" data-widget_type=\"button.default\">\n\t\t\t\t<div class=\"elementor-widget-container\">\n\t\t\t\t\t\t\t\t\t<div class=\"elementor-button-wrapper\">\n\t\t\t\t\t<a class=\"elementor-button elementor-button-link elementor-size-lg\" href=\"https:\/\/api.whatsapp.com\/send?phone=5543999264989&#038;text=Ol\u00e1,%20vim%20pelo%20site.%20Gostaria%20de%20mais%20informa\u00e7\u00f5es%20sobre%20a%20GlobalPrev\" target=\"_blank\">\n\t\t\t\t\t\t<span class=\"elementor-button-content-wrapper\">\n\t\t\t\t\t\t\t\t\t<span class=\"elementor-button-text\">Fazer an\u00e1lise gratuita<\/span>\n\t\t\t\t\t<\/span>\n\t\t\t\t\t<\/a>\n\t\t\t\t<\/div>\n\t\t\t\t\t\t\t\t<\/div>\n\t\t\t\t<\/div>\n\t\t\t\t<\/div>\n\t\t\t\t\t<\/div>\n\t\t\t\t<\/div>\n\t\t<div class=\"elementor-element elementor-element-e56e437 e-con-full e-flex e-con e-parent\" data-id=\"e56e437\" data-element_type=\"container\">\n\t\t\t\t<div class=\"elementor-element elementor-element-c16b846 elementor-widget elementor-widget-image\" data-id=\"c16b846\" data-element_type=\"widget\" data-widget_type=\"image.default\">\n\t\t\t\t<div class=\"elementor-widget-container\">\n\t\t\t\t\t\t\t\t\t\t\t\t\t\t\t<img decoding=\"async\" width=\"800\" height=\"30\" src=\"https:\/\/www.globalprev.com.br\/institucional\/wp-content\/uploads\/2024\/02\/ELEMENTOS--1024x39.webp\" class=\"attachment-large size-large wp-image-41\" alt=\"\" srcset=\"https:\/\/www.globalprev.com.br\/institucional\/wp-content\/uploads\/2024\/02\/ELEMENTOS--1024x39.webp 1024w, https:\/\/www.globalprev.com.br\/institucional\/wp-content\/uploads\/2024\/02\/ELEMENTOS--300x12.webp 300w, https:\/\/www.globalprev.com.br\/institucional\/wp-content\/uploads\/2024\/02\/ELEMENTOS--768x30.webp 768w, https:\/\/www.globalprev.com.br\/institucional\/wp-content\/uploads\/2024\/02\/ELEMENTOS--1536x59.webp 1536w, https:\/\/www.globalprev.com.br\/institucional\/wp-content\/uploads\/2024\/02\/ELEMENTOS-.webp 1920w\" sizes=\"(max-width: 800px) 100vw, 800px\" \/>\t\t\t\t\t\t\t\t\t\t\t\t\t\t\t<\/div>\n\t\t\t\t<\/div>\n\t\t\t\t<div class=\"elementor-element elementor-element-d00143e elementor-widget-mobile__width-initial elementor-widget-tablet__width-initial elementor-widget__width-initial elementor-widget elementor-widget-heading\" data-id=\"d00143e\" data-element_type=\"widget\" data-widget_type=\"heading.default\">\n\t\t\t\t<div class=\"elementor-widget-container\">\n\t\t\t\t\t<h2 class=\"elementor-heading-title elementor-size-default\">Aux\u00edlio Reclus\u00e3o<\/h2>\t\t\t\t<\/div>\n\t\t\t\t<\/div>\n\t\t\t\t<div class=\"elementor-element elementor-element-bdc0b75 elementor-widget__width-initial elementor-widget elementor-widget-text-editor\" data-id=\"bdc0b75\" data-element_type=\"widget\" data-widget_type=\"text-editor.default\">\n\t\t\t\t<div class=\"elementor-widget-container\">\n\t\t\t\t\t\t\t\t\t<p class=\"p1\">O aux\u00edlio-reclus\u00e3o \u00e9 um benef\u00edcio previdenci\u00e1rio destinado a garantir uma renda mensal m\u00ednima aos dependentes de trabalhadores que est\u00e3o presos em regime fechado ou semiaberto. Este aux\u00edlio visa proporcionar suporte financeiro \u00e0s fam\u00edlias que ficam desamparadas durante o per\u00edodo de reclus\u00e3o do segurado, assegurando que possam manter uma qualidade de vida m\u00ednima enquanto o provedor est\u00e1 impossibilitado de trabalhar. Para ter direito ao benef\u00edcio, o trabalhador deve ter cumprido os requisitos de car\u00eancia exigidos pelo INSS e estar com suas contribui\u00e7\u00f5es em dia, al\u00e9m de a sua renda n\u00e3o ultrapassar o limite estabelecido por lei.<\/p>\t\t\t\t\t\t\t\t<\/div>\n\t\t\t\t<\/div>\n\t\t\t\t<\/div>\n\t\t<div class=\"elementor-element elementor-element-f5da245 e-flex e-con-boxed e-con e-parent\" data-id=\"f5da245\" data-element_type=\"container\">\n\t\t\t\t\t<div class=\"e-con-inner\">\n\t\t\t\t<div class=\"elementor-element elementor-element-0ce389a elementor-widget-mobile__width-initial elementor-widget elementor-widget-heading\" data-id=\"0ce389a\" data-element_type=\"widget\" data-widget_type=\"heading.default\">\n\t\t\t\t<div class=\"elementor-widget-container\">\n\t\t\t\t\t<h2 class=\"elementor-heading-title elementor-size-default\">Perguntas frequentes<\/h2>\t\t\t\t<\/div>\n\t\t\t\t<\/div>\n\t\t\t\t<div class=\"elementor-element elementor-element-f8ab4cc elementor-widget elementor-widget-eael-adv-accordion\" data-id=\"f8ab4cc\" data-element_type=\"widget\" data-widget_type=\"eael-adv-accordion.default\">\n\t\t\t\t<div class=\"elementor-widget-container\">\n\t\t\t\t\t        <div class=\"eael-adv-accordion\" id=\"eael-adv-accordion-f8ab4cc\" data-scroll-on-click=\"no\" data-scroll-speed=\"300\" data-accordion-id=\"f8ab4cc\" data-accordion-type=\"accordion\" data-toogle-speed=\"300\">\n    <div class=\"eael-accordion-list\">\n                <div id=\"-o-que-acontece-se-o-segurado-recluso-for-solto-durante-o-perodo-de-concesso-do-benefcio\" class=\"elementor-tab-title eael-accordion-header\" tabindex=\"0\" data-tab=\"1\" aria-controls=\"elementor-tab-content-2601\"><span class=\"eael-accordion-tab-title\"> O que acontece se o segurado recluso for solto durante o per\u00edodo de concess\u00e3o do benef\u00edcio?<\/span><svg aria-hidden=\"true\" class=\"fa-toggle e-font-icon-svg e-fas-angle-down\" viewBox=\"0 0 320 512\" xmlns=\"http:\/\/www.w3.org\/2000\/svg\"><path d=\"M143 352.3L7 216.3c-9.4-9.4-9.4-24.6 0-33.9l22.6-22.6c9.4-9.4 24.6-9.4 33.9 0l96.4 96.4 96.4-96.4c9.4-9.4 24.6-9.4 33.9 0l22.6 22.6c9.4 9.4 9.4 24.6 0 33.9l-136 136c-9.2 9.4-24.4 9.4-33.8 0z\"><\/path><\/svg><\/div><div id=\"elementor-tab-content-2601\" class=\"eael-accordion-content clearfix\" data-tab=\"1\" aria-labelledby=\"-o-que-acontece-se-o-segurado-recluso-for-solto-durante-o-perodo-de-concesso-do-benefcio\"><p class=\"p1\">Se o segurado for solto e n\u00e3o retornar \u00e0 pris\u00e3o, o benef\u00edcio de aux\u00edlio-reclus\u00e3o ser\u00e1 suspenso a partir da data da soltura. Os dependentes deixar\u00e3o de receber o benef\u00edcio a partir desse momento.<\/p><p class=\"p2\"><span class=\"s1\">Ap\u00f3s a soltura do segurado, os dependentes podem ter direito a outros benef\u00edcios previdenci\u00e1rios, dependendo da situa\u00e7\u00e3o espec\u00edfica de cada caso. Recomenda-se buscar orienta\u00e7\u00e3o a um profissional especializado para entender melhor as op\u00e7\u00f5es dispon\u00edveis.<\/span><\/p><\/div>\n                <\/div><div class=\"eael-accordion-list\">\n                <div id=\"a-pessoa-privada-de-liberdade-pode-perder-o-direito-a-esse-benefcio\" class=\"elementor-tab-title eael-accordion-header\" tabindex=\"0\" data-tab=\"2\" aria-controls=\"elementor-tab-content-2602\"><span class=\"eael-accordion-tab-title\">A pessoa privada de liberdade pode perder o direito a esse benef\u00edcio?<\/span><svg aria-hidden=\"true\" class=\"fa-toggle e-font-icon-svg e-fas-angle-down\" viewBox=\"0 0 320 512\" xmlns=\"http:\/\/www.w3.org\/2000\/svg\"><path d=\"M143 352.3L7 216.3c-9.4-9.4-9.4-24.6 0-33.9l22.6-22.6c9.4-9.4 24.6-9.4 33.9 0l96.4 96.4 96.4-96.4c9.4-9.4 24.6-9.4 33.9 0l22.6 22.6c9.4 9.4 9.4 24.6 0 33.9l-136 136c-9.2 9.4-24.4 9.4-33.8 0z\"><\/path><\/svg><\/div><div id=\"elementor-tab-content-2602\" class=\"eael-accordion-content clearfix\" data-tab=\"2\" aria-labelledby=\"a-pessoa-privada-de-liberdade-pode-perder-o-direito-a-esse-benefcio\"><p class=\"p1\">Sim. Em caso de fuga, transfer\u00eancia para o regime aberto ou livramento condicional. E, caso a pessoa venha a falecer, o aux\u00edlio-reclus\u00e3o pode ser convertido em pens\u00e3o por morte.<\/p><\/div>\n                <\/div><div class=\"eael-accordion-list\">\n                <div id=\"qual-a-durao-do-auxlio-recluso\" class=\"elementor-tab-title eael-accordion-header\" tabindex=\"0\" data-tab=\"3\" aria-controls=\"elementor-tab-content-2603\"><span class=\"eael-accordion-tab-title\">Qual \u00e9 a dura\u00e7\u00e3o do aux\u00edlio-reclus\u00e3o?<\/span><svg aria-hidden=\"true\" class=\"fa-toggle e-font-icon-svg e-fas-angle-down\" viewBox=\"0 0 320 512\" xmlns=\"http:\/\/www.w3.org\/2000\/svg\"><path d=\"M143 352.3L7 216.3c-9.4-9.4-9.4-24.6 0-33.9l22.6-22.6c9.4-9.4 24.6-9.4 33.9 0l96.4 96.4 96.4-96.4c9.4-9.4 24.6-9.4 33.9 0l22.6 22.6c9.4 9.4 9.4 24.6 0 33.9l-136 136c-9.2 9.4-24.4 9.4-33.8 0z\"><\/path><\/svg><\/div><div id=\"elementor-tab-content-2603\" class=\"eael-accordion-content clearfix\" data-tab=\"3\" aria-labelledby=\"qual-a-durao-do-auxlio-recluso\"><p class=\"p1\">A dura\u00e7\u00e3o do aux\u00edlio-reclus\u00e3o \u00e9 determinada pelo per\u00edodo em que o segurado estiver preso, ou seja, o benef\u00edcio \u00e9 pago enquanto o segurado estiver recolhido \u00e0 pris\u00e3o.<\/p><\/div>\n                <\/div><\/div>\t\t\t\t<\/div>\n\t\t\t\t<\/div>\n\t\t\t\t\t<\/div>\n\t\t\t\t<\/div>\n\t\t<div class=\"elementor-element elementor-element-3dd1431 e-flex e-con-boxed e-con e-parent\" data-id=\"3dd1431\" data-element_type=\"container\">\n\t\t\t\t\t<div class=\"e-con-inner\">\n\t\t\t\t<div class=\"elementor-element elementor-element-dd5b6c1 elementor-tablet-align-center elementor-mobile-align-justify elementor-widget-mobile__width-initial elementor-align-center elementor-widget elementor-widget-button\" data-id=\"dd5b6c1\" data-element_type=\"widget\" data-widget_type=\"button.default\">\n\t\t\t\t<div class=\"elementor-widget-container\">\n\t\t\t\t\t\t\t\t\t<div class=\"elementor-button-wrapper\">\n\t\t\t\t\t<a class=\"elementor-button elementor-button-link elementor-size-lg\" href=\"https:\/\/api.whatsapp.com\/send?phone=5543999264989&#038;text=Ol\u00e1,%20vim%20pelo%20site.%20Gostaria%20de%20mais%20informa\u00e7\u00f5es%20sobre%20a%20GlobalPrev\" target=\"_blank\">\n\t\t\t\t\t\t<span class=\"elementor-button-content-wrapper\">\n\t\t\t\t\t\t\t\t\t<span class=\"elementor-button-text\">Fazer an\u00e1lise gratuita<\/span>\n\t\t\t\t\t<\/span>\n\t\t\t\t\t<\/a>\n\t\t\t\t<\/div>\n\t\t\t\t\t\t\t\t<\/div>\n\t\t\t\t<\/div>\n\t\t\t\t\t<\/div>\n\t\t\t\t<\/div>\n\t\t\t\t<\/div>\n\t\t","protected":false},"excerpt":{"rendered":"<p>AUX\u00cdLIO RECLUS\u00c3O Solu\u00e7\u00f5es inteligentes para todas as suas necessidades previdenci\u00e1rias Fazer an\u00e1lise gratuita Aux\u00edlio Reclus\u00e3o O aux\u00edlio-reclus\u00e3o \u00e9 um benef\u00edcio previdenci\u00e1rio destinado a garantir uma renda mensal m\u00ednima aos dependentes de trabalhadores que est\u00e3o presos em regime fechado ou semiaberto. Este aux\u00edlio visa proporcionar suporte financeiro \u00e0s fam\u00edlias que ficam desamparadas durante o per\u00edodo de [&hellip;]<\/p>\n","protected":false},"author":1,"featured_media":0,"parent":0,"menu_order":0,"comment_status":"closed","ping_status":"closed","template":"elementor_header_footer","meta":{"footnotes":""},"class_list":["post-253","page","type-page","status-publish","hentry"],"_links":{"self":[{"href":"https:\/\/www.globalprev.com.br\/institucional\/wp-json\/wp\/v2\/pages\/253","targetHints":{"allow":["GET"]}}],"collection":[{"href":"https:\/\/www.globalprev.com.br\/institucional\/wp-json\/wp\/v2\/pages"}],"about":[{"href":"https:\/\/www.globalprev.com.br\/institucional\/wp-json\/wp\/v2\/types\/page"}],"author":[{"embeddable":true,"href":"https:\/\/www.globalprev.com.br\/institucional\/wp-json\/wp\/v2\/users\/1"}],"replies":[{"embeddable":true,"href":"https:\/\/www.globalprev.com.br\/institucional\/wp-json\/wp\/v2\/comments?post=253"}],"version-history":[{"count":10,"href":"https:\/\/www.globalprev.com.br\/institucional\/wp-json\/wp\/v2\/pages\/253\/revisions"}],"predecessor-version":[{"id":420,"href":"https:\/\/www.globalprev.com.br\/institucional\/wp-json\/wp\/v2\/pages\/253\/revisions\/420"}],"wp:attachment":[{"href":"https:\/\/www.globalprev.com.br\/institucional\/wp-json\/wp\/v2\/media?parent=253"}],"curies":[{"name":"wp","href":"https:\/\/api.w.org\/{rel}","templated":true}]}}

Auxílio Reclusão

<div data-elementor-type="wp-page" data-elementor-id="253" class="elementor elementor-253" data-elementor-post-type="page">
				<div class="elementor-element elementor-element-3f5370d e-flex e-con-boxed e-con e-parent" data-id="3f5370d" data-element_type="container" data-settings="{&quot;background_background&quot;:&quot;classic&quot;}">
					<div class="e-con-inner">
		<div class="elementor-element elementor-element-6e8b0a4 e-con-full e-flex e-con e-child" data-id="6e8b0a4" data-element_type="container">
				<div class="elementor-element elementor-element-917f218 elementor-widget-tablet__width-initial elementor-widget-mobile__width-initial elementor-widget elementor-widget-heading" data-id="917f218" data-element_type="widget" data-widget_type="heading.default">
				<div class="elementor-widget-container">
					<h2 class="elementor-heading-title elementor-size-default">AUXÍLIO RECLUSÃO</h2>				</div>
				</div>
				<div class="elementor-element elementor-element-d35ec05 elementor-widget-tablet__width-initial elementor-widget-mobile__width-initial elementor-widget elementor-widget-text-editor" data-id="d35ec05" data-element_type="widget" data-widget_type="text-editor.default">
				<div class="elementor-widget-container">
									<p><strong>Soluções inteligentes</strong> para todas as suas necessidades previdenciárias</p>								</div>
				</div>
				<div class="elementor-element elementor-element-6c0c005 elementor-tablet-align-center elementor-mobile-align-justify elementor-widget-mobile__width-initial elementor-widget elementor-widget-button" data-id="6c0c005" data-element_type="widget" data-widget_type="button.default">
				<div class="elementor-widget-container">
									<div class="elementor-button-wrapper">
					<a class="elementor-button elementor-button-link elementor-size-lg" href="https://api.whatsapp.com/send?phone=5543999264989&#038;text=Olá,%20vim%20pelo%20site.%20Gostaria%20de%20mais%20informações%20sobre%20a%20GlobalPrev" target="_blank">
						<span class="elementor-button-content-wrapper">
									<span class="elementor-button-text">Fazer análise gratuita</span>
					</span>
					</a>
				</div>
								</div>
				</div>
				</div>
					</div>
				</div>
		<div class="elementor-element elementor-element-e56e437 e-con-full e-flex e-con e-parent" data-id="e56e437" data-element_type="container">
				<div class="elementor-element elementor-element-c16b846 elementor-widget elementor-widget-image" data-id="c16b846" data-element_type="widget" data-widget_type="image.default">
				<div class="elementor-widget-container">
															<img decoding="async" width="800" height="30" src="https://www.globalprev.com.br/institucional/wp-content/uploads/2024/02/ELEMENTOS--1024x39.webp" class="attachment-large size-large wp-image-41" alt="" srcset="https://www.globalprev.com.br/institucional/wp-content/uploads/2024/02/ELEMENTOS--1024x39.webp 1024w, https://www.globalprev.com.br/institucional/wp-content/uploads/2024/02/ELEMENTOS--300x12.webp 300w, https://www.globalprev.com.br/institucional/wp-content/uploads/2024/02/ELEMENTOS--768x30.webp 768w, https://www.globalprev.com.br/institucional/wp-content/uploads/2024/02/ELEMENTOS--1536x59.webp 1536w, https://www.globalprev.com.br/institucional/wp-content/uploads/2024/02/ELEMENTOS-.webp 1920w" sizes="(max-width: 800px) 100vw, 800px" />															</div>
				</div>
				<div class="elementor-element elementor-element-d00143e elementor-widget-mobile__width-initial elementor-widget-tablet__width-initial elementor-widget__width-initial elementor-widget elementor-widget-heading" data-id="d00143e" data-element_type="widget" data-widget_type="heading.default">
				<div class="elementor-widget-container">
					<h2 class="elementor-heading-title elementor-size-default">Auxílio Reclusão</h2>				</div>
				</div>
				<div class="elementor-element elementor-element-bdc0b75 elementor-widget__width-initial elementor-widget elementor-widget-text-editor" data-id="bdc0b75" data-element_type="widget" data-widget_type="text-editor.default">
				<div class="elementor-widget-container">
									<p class="p1">O auxílio-reclusão é um benefício previdenciário destinado a garantir uma renda mensal mínima aos dependentes de trabalhadores que estão presos em regime fechado ou semiaberto. Este auxílio visa proporcionar suporte financeiro às famílias que ficam desamparadas durante o período de reclusão do segurado, assegurando que possam manter uma qualidade de vida mínima enquanto o provedor está impossibilitado de trabalhar. Para ter direito ao benefício, o trabalhador deve ter cumprido os requisitos de carência exigidos pelo INSS e estar com suas contribuições em dia, além de a sua renda não ultrapassar o limite estabelecido por lei.</p>								</div>
				</div>
				</div>
		<div class="elementor-element elementor-element-f5da245 e-flex e-con-boxed e-con e-parent" data-id="f5da245" data-element_type="container">
					<div class="e-con-inner">
				<div class="elementor-element elementor-element-0ce389a elementor-widget-mobile__width-initial elementor-widget elementor-widget-heading" data-id="0ce389a" data-element_type="widget" data-widget_type="heading.default">
				<div class="elementor-widget-container">
					<h2 class="elementor-heading-title elementor-size-default">Perguntas frequentes</h2>				</div>
				</div>
				<div class="elementor-element elementor-element-f8ab4cc elementor-widget elementor-widget-eael-adv-accordion" data-id="f8ab4cc" data-element_type="widget" data-widget_type="eael-adv-accordion.default">
				<div class="elementor-widget-container">
					        <div class="eael-adv-accordion" id="eael-adv-accordion-f8ab4cc" data-scroll-on-click="no" data-scroll-speed="300" data-accordion-id="f8ab4cc" data-accordion-type="accordion" data-toogle-speed="300">
    <div class="eael-accordion-list">
                <div id="-o-que-acontece-se-o-segurado-recluso-for-solto-durante-o-perodo-de-concesso-do-benefcio" class="elementor-tab-title eael-accordion-header" tabindex="0" data-tab="1" aria-controls="elementor-tab-content-2601"><span class="eael-accordion-tab-title"> O que acontece se o segurado recluso for solto durante o período de concessão do benefício?</span><svg aria-hidden="true" class="fa-toggle e-font-icon-svg e-fas-angle-down" viewBox="0 0 320 512" xmlns="http://www.w3.org/2000/svg"><path d="M143 352.3L7 216.3c-9.4-9.4-9.4-24.6 0-33.9l22.6-22.6c9.4-9.4 24.6-9.4 33.9 0l96.4 96.4 96.4-96.4c9.4-9.4 24.6-9.4 33.9 0l22.6 22.6c9.4 9.4 9.4 24.6 0 33.9l-136 136c-9.2 9.4-24.4 9.4-33.8 0z"></path></svg></div><div id="elementor-tab-content-2601" class="eael-accordion-content clearfix" data-tab="1" aria-labelledby="-o-que-acontece-se-o-segurado-recluso-for-solto-durante-o-perodo-de-concesso-do-benefcio"><p class="p1">Se o segurado for solto e não retornar à prisão, o benefício de auxílio-reclusão será suspenso a partir da data da soltura. Os dependentes deixarão de receber o benefício a partir desse momento.</p><p class="p2"><span class="s1">Após a soltura do segurado, os dependentes podem ter direito a outros benefícios previdenciários, dependendo da situação específica de cada caso. Recomenda-se buscar orientação a um profissional especializado para entender melhor as opções disponíveis.</span></p></div>
                </div><div class="eael-accordion-list">
                <div id="a-pessoa-privada-de-liberdade-pode-perder-o-direito-a-esse-benefcio" class="elementor-tab-title eael-accordion-header" tabindex="0" data-tab="2" aria-controls="elementor-tab-content-2602"><span class="eael-accordion-tab-title">A pessoa privada de liberdade pode perder o direito a esse benefício?</span><svg aria-hidden="true" class="fa-toggle e-font-icon-svg e-fas-angle-down" viewBox="0 0 320 512" xmlns="http://www.w3.org/2000/svg"><path d="M143 352.3L7 216.3c-9.4-9.4-9.4-24.6 0-33.9l22.6-22.6c9.4-9.4 24.6-9.4 33.9 0l96.4 96.4 96.4-96.4c9.4-9.4 24.6-9.4 33.9 0l22.6 22.6c9.4 9.4 9.4 24.6 0 33.9l-136 136c-9.2 9.4-24.4 9.4-33.8 0z"></path></svg></div><div id="elementor-tab-content-2602" class="eael-accordion-content clearfix" data-tab="2" aria-labelledby="a-pessoa-privada-de-liberdade-pode-perder-o-direito-a-esse-benefcio"><p class="p1">Sim. Em caso de fuga, transferência para o regime aberto ou livramento condicional. E, caso a pessoa venha a falecer, o auxílio-reclusão pode ser convertido em pensão por morte.</p></div>
                </div><div class="eael-accordion-list">
                <div id="qual-a-durao-do-auxlio-recluso" class="elementor-tab-title eael-accordion-header" tabindex="0" data-tab="3" aria-controls="elementor-tab-content-2603"><span class="eael-accordion-tab-title">Qual é a duração do auxílio-reclusão?</span><svg aria-hidden="true" class="fa-toggle e-font-icon-svg e-fas-angle-down" viewBox="0 0 320 512" xmlns="http://www.w3.org/2000/svg"><path d="M143 352.3L7 216.3c-9.4-9.4-9.4-24.6 0-33.9l22.6-22.6c9.4-9.4 24.6-9.4 33.9 0l96.4 96.4 96.4-96.4c9.4-9.4 24.6-9.4 33.9 0l22.6 22.6c9.4 9.4 9.4 24.6 0 33.9l-136 136c-9.2 9.4-24.4 9.4-33.8 0z"></path></svg></div><div id="elementor-tab-content-2603" class="eael-accordion-content clearfix" data-tab="3" aria-labelledby="qual-a-durao-do-auxlio-recluso"><p class="p1">A duração do auxílio-reclusão é determinada pelo período em que o segurado estiver preso, ou seja, o benefício é pago enquanto o segurado estiver recolhido à prisão.</p></div>
                </div></div>				</div>
				</div>
					</div>
				</div>
		<div class="elementor-element elementor-element-3dd1431 e-flex e-con-boxed e-con e-parent" data-id="3dd1431" data-element_type="container">
					<div class="e-con-inner">
				<div class="elementor-element elementor-element-dd5b6c1 elementor-tablet-align-center elementor-mobile-align-justify elementor-widget-mobile__width-initial elementor-align-center elementor-widget elementor-widget-button" data-id="dd5b6c1" data-element_type="widget" data-widget_type="button.default">
				<div class="elementor-widget-container">
									<div class="elementor-button-wrapper">
					<a class="elementor-button elementor-button-link elementor-size-lg" href="https://api.whatsapp.com/send?phone=5543999264989&#038;text=Olá,%20vim%20pelo%20site.%20Gostaria%20de%20mais%20informações%20sobre%20a%20GlobalPrev" target="_blank">
						<span class="elementor-button-content-wrapper">
									<span class="elementor-button-text">Fazer análise gratuita</span>
					</span>
					</a>
				</div>
								</div>
				</div>
					</div>
				</div>
				</div>

<p>AUXÍLIO RECLUSÃO Soluções inteligentes para todas as suas necessidades previdenciárias Fazer análise gratuita Auxílio Reclusão O auxílio-reclusão é um benefício previdenciário destinado a garantir uma renda mensal mínima aos dependentes de trabalhadores que estão presos em regime fechado ou semiaberto. Este auxílio visa proporcionar suporte financeiro às famílias que ficam desamparadas durante o período de [&hellip;]</p>
